+ 3*d = -47. Calculate the highest common factor of i and 20.
4
Suppose 413136 = 7094*n - 7078*n. Calculate the highest common divisor of n and 19.
19
Let b be (5 + -11)/((-20)/240). Calculate the greatest common divisor of 72 and b.
72
Let j = -265 - -268. Let p(o) = -o**2 + 2. Let n(g) = -g**2 + 7*g - 6. Let t be n(6). Let m be p(t). What is the greatest common divisor of j and m?
1
Suppose -20123 = -w + 32187. Let t be -2*(-2)/12 - w/(-30). Let b be (-1)/4 + t/64. What is the greatest common factor of b and 18?
9
Suppose -1344*w + 1349*w - 192 - 693 = 0. Calculate the greatest common divisor of w and 6.
3
Let m(a) = 4*a**3 - 3*a**2 + 3*a - 4. Let p be m(2). Suppose p = 4*o + 10. Suppose -14 = -o*d + 40. Calculate the highest common divisor of d and 198.
18
Let o(d) be the third derivative of -d**6/120 + d**5/30 - d**4/12 - d**3/2 - 105*d**2 + 2. Let a be o(-1). Calculate the highest common factor of 1 and a.
1
Suppose -3*d + 5*d - 92 = 3*h, -h = 3*d + 16. Let a(w) = -8*w - 142. Let r be a(h). Let m = -63 - -104. Calculate the highest common divisor of m and r.
41
Let g = -2904 - -3224. What is the highest common divisor of g and 40?
40
Let o(i) = 2*i**2 + 22*i - 4870. Let x be o(90). Calculate the greatest common divisor of x and 20.
10
Suppose 43 + 45 = 2*s. Let k(b) = -243*b**2 + 2237*b - 10. Let r be k(9). What is the greatest common factor of s and r?
44
Suppose 4*s + r = -0*r + 1, 5*r - 5 = -5*s. Suppose -124*n + 132*n - 200 = s. Calculate the highest common divisor of 225 and n.
25
Let g(r) = r**2 - 7*r + 142. Let f be g(8). Suppose x = -k + 50, -8*k + 9*k = 3*x - f. Let h = 1010 + -560. Calculate the greatest common factor of x and h.
50
Suppose -20164 = -4*d + 2*t, 12*d - t = 14*d - 10078. What is the highest common divisor of 72 and d?
72
Suppose 5 = -45*i + 455. Calculate the greatest common divisor of 98 and i.
2
Let h = 429 + -39. Suppose h = 113*k - 100*k. Calculate the greatest common factor of k and 6.
6
Suppose -98484*c = -98474*c - 290. Let f(w) = w**3 - 5*w**2 - w - 4. Let l = 5 - -2. Let b be f(l). What is the greatest common divisor of c and b?
29
Let h(m) = m**3 + m**2 - 4*m + 32. Let r be h(10). Calculate the greatest common factor of r and 338.
26
Suppose 1464 = 3*z - 5*k, z - 9 = 3*k + 487. Calculate the greatest common factor of 8 and z.
2
Let i be (-39)/(-12 - 1)*(-10)/(-6). Suppose 20*t - 1035 = i*t. Calculate the greatest common factor of 897 and t.
69
Let y = -197 - -274. Let w be (2 + 10)/(3 + 0 - 4). Let p = -1 - w. What is the greatest common divisor of y and p?
11
Suppose -f + 288 = -3*g - 327, -f = -2*g - 613. Calculate the highest common divisor of 105 and f.
21
Suppose 0 = 4*t - 3*i - 49, -94*t - 3*i = -99*t + 65. Let v = -439 - -903. What is the greatest common factor of t and v?
16
Let z(l) = -9*l**2 + 35*l - 47. Let r(g) = 4*g**2 - 17*g + 23. Let j(t) = -7*r(t) - 3*z(t). Let m be j(12). What is the highest common factor of 4 and m?
4
Let o = -172 - -797. What is the greatest common factor of 5 and o?
5
Let a = 23 + -22. Let l(h) = -2*h - 5. Let u be l(a). Let b be ((-8)/1)/(-8 - u). Calculate the highest common factor of 40 and b.
8
Suppose 3*t = 18, 3*v - 90 = -841*t + 846*t. Calculate the greatest common divisor of 1096 and v.
8
Let d(u) = 86*u + 4502. Let x be d(-3). What is the highest common divisor of 8 and x?
4
Suppose 24*i - 20*i + j = 773, 5*j = 5*i - 935. What is the highest common factor of 1668 and i?
12
Let y be 2 + 2 - (7 - 114). Let k be 8286/28 - 0 - (77 - 22659/294). Calculate the greatest common divisor of y and k.
37
Let t be (-17944)/56*-1 + 36/(-84). Calculate the greatest common divisor of 580 and t.
20
Suppose 55*u + 42*u + 74*u = 513. Calculate the highest common divisor of u and 79.
1
Let a(n) = 30*n - 51. Let o = -292 + 294. Let s be a(o). Calculate the greatest common factor of s and 33.
3
Suppose -4*t = g - 13056, -2*g + t = -12152 - 13906. What is the highest common factor of 72 and g?
72
Suppose -3*y = i - 252, i - y - 236 = -0*y. Let f(g) = 30 + 3*g**2 - 32*g - 14*g + 10*g. Let z be f(12). Calculate the greatest common factor of i and z.
30
Let w = 185 + -210. Let p be (2 + -87)*(160/w + 6). Calculate the highest common factor of p and 170.
34
Suppose -6*u = -1 - 11. Suppose -5*h - t + 317 = 0, 4*h = -7*t + u*t + 241. Let o be (6 + -3)/(3/32). What is the greatest common factor of o and h?
32
Suppose 0 = 21*u - 66*u + 180. Calculate the greatest common divisor of 291 and u.
1
Suppose 12800 = 294*c - 134*c. What is the greatest common factor of c and 340?
20
Let s(p) = 25*p - 47. Let m be s(2). Suppose -28*r + m = -25*r. Calculate the greatest common factor of r and 17.
1
Let i(f) = 109*f + 74. Let p be i(-4). Let q = -357 - p. Calculate the highest common divisor of q and 40.
5
Let k = -20990 - -64891. Calculate the highest common divisor of 143 and k.
143
Let s = 7381 + -7327. Calculate the highest common factor of 3294 and s.
54
Let w(m) = -m**3 + 7*m**2 + 2*m - 7. Let d be w(7). Suppose -186 = -3*b + 2*c - 30, b + 6*c = 92. Calculate the highest common divisor of b and d.
7
Let o be (-57 + 20 - -153) + -11 + 1. What is the greatest common factor of o and 4240?
106
Let d(w) = -37*w + 2442. Let x be d(52). Calculate the highest common divisor of 74 and x.
74
Let b = 7557 - 5160. What is the greatest common divisor of b and 255?
51
Let q = -69 + 63. Let p = 11 + q. Suppose -h - 24 = -2*h + p*g, -5*g = h - 54. What is the greatest common factor of 117 and h?
39
Let g(c) = 69*c**2 - 94*c + 18. Let r be g(-6). Calculate the highest common factor of 42 and r.
42
Suppose 2*x = 4*q + 19 - 183, 41 = q - 2*x. Suppose 8*u - 5*u - 105 = -3*z, -z + 5*u = -q. Calculate the greatest common factor of 4 and z.
4
Suppose 12*n - 10*n - 1530 = 0. Let g be n/10 + (-4)/8. Suppose 0*k - 1 = -k, -z + 2*k + g = 0. What is the greatest common factor of z and 117?
39
Let z(p) = 27*p - 567. Let j be z(26). Calculate the greatest common factor of 24 and j.
3
Let i = 0 - -25. Let w be ((-1)/2 - 49/(-14)) + i. Let t = w + 44. What is the highest common divisor of 9 and t?
9
Let j(z) = -z**2 - 20*z - 13. Let l be j(-7). Let h = -34 + l. Suppose -h*g - 220 = -46*g. Calculate the greatest common factor of g and 22.
22
Suppose 116 - 42 = 37*g. Let w(b) = b**3 - 15*b**2 + 8. Let n be w(15). Calculate the highest common factor of n and g.
2
Suppose -l - 5*o = -9*o - 64, 2*l + 5*o - 128 = 0. What is the greatest common divisor of l and 4?
4
Let m(a) = -a**2 + 7*a + 17. Let q be m(17). Let y be 17/(q/(-114)) - (-2)/(-3). Let p be ((-3)/2)/((-6)/8). Calculate the greatest common factor of y and p.
2
Let j(f) be the third derivative of f**5/30 + 4*f**4/3 - 65*f**3/3 - 17*f**2 - 2. Let r be j(-25). Calculate the greatest common factor of 96 and r.
32
Let q = -317 + 83. Let s = q - -556. What is the highest common factor of 46 and s?
46
Let y be 1*(-1 + 0)/((-12)/12). Let i = y + 39. Calculate the highest common divisor of i and 30.
10
Let y be -444*((-4)/(-10))/(2/(-10)). Suppose 0 = 2741*g - 2709*g - 768. What is the greatest common factor of y and g?
24
Let c = -10 + 34. Let i be (-31)/(-2)*(21 - 11). Let t = i - 152. What is the greatest common divisor of t and c?
3
Suppose 89*t = 84*t - 4*w + 31584, -5*t = -w - 31604. Calculate the highest common divisor of t and 20.
20
Let n be ((-33)/1)/((-51)/272*8). Calculate the highest common divisor of n and 25.
1
Let h = 15508 + -6562. Calculate the greatest common divisor of 36 and h.
18
Let b be (2009/(-164))/((-4)/4720). Calculate the highest common factor of b and 70.
35
Let o = -465 - -465. Let l(t) = -22*t + 21. Let s be l(o). What is the highest common divisor of 693 and s?
21
Let d = 312 - 261. Suppose 8*p + 40 - 176 = 0. What is the greatest common divisor of d and p?
17
Let y = -598 - -978. Let c be 2 + ((-1700)/(-45) - 4/(-18)). What is the highest common factor of y and c?
20
Let f = 636 + 1353. What is the greatest common divisor of 1105 and f?
221
Let v(m) = -2*m - 1. Let l be v(-2). Suppose 0 = 4*o + 4*g - 156, l*o - 19 - 78 = g. Let a = 46 - o. Calculate the highest common factor of a and 108.
12
Suppose 3*x + 3*o = 6, -29 + 3 = 2*x - 4*o. Let m be 4/(4/x*(-18)/(-12)). Let i(b) = -10*b + 3. Let r be i(m). What is the greatest common factor of r 